actors of x(5)?
2, 7, 11
Let l be 1/(-7)*1 + (-360)/(-168). Suppose 0 = 5*c + l*n - 879, 3*n - 6 = -0. What are the prime factors of c?
5, 7
Suppose 4*r = -22 - 98. Let g = r + 50. Let h = 43 - g. What are the prime factors of h?
23
Suppose -2103*v + 2260064 = -2071*v. List the prime factors of v.
70627
Let f = -27 - 57. Let n be 3/(-5) - (-847)/(-55). Let p = n - f. List the prime factors of p.
2, 17
Let o = -183 + 84. Let k = 98 + o. What are the prime factors of (55 + 1 - k)*(-40)/(-15)?
2, 19
Suppose -7*v + 4*j = -6*v - 2274, v + 2*j = 2304. List the prime factors of v.
2, 31, 37
Let k = 4771 - 7591. List the prime factors of (-2 + 3)/(-1 + k/(-2814)).
7, 67
Suppose -4*q + 5*j = -16438, 17*j - 21*j = -3*q + 12328. Suppose -q = -4*y + 3*g, 4*g + 42 + 2014 = 2*y. List the prime factors of y.
2, 257
Let m be 34/4 - 6/12. Suppose 3*g + 8 + m = n, n + 5*g + 24 = 0. List the prime factors of 1/(n/((-84)/(-2))).
2, 3, 7
Let g = -220 + 85. What are the prime factors of 4/3 - 43830/g?
2, 163
Let j(x) = -3*x**2 - 9*x - 10. Let c = 25 - 33. Let s be j(c). Let g = -3 - s. List the prime factors of g.
127
Suppose 37*t - 14049 = 28*t. What are the prime factors of ((3 - 2) + t)/1?
2, 11, 71
Suppose 19*f = 16*f + 129. Let r be (0 - f/1)*(-1)/1. Suppose 46*b = r*b + 114. List the prime factors of b.
2, 19
Let f = -169 - -177. Suppose -5*k = 5*p - 15, -2*p + 4*p + f = 0. What are the prime factors of k?
7
Let s = -4318 - -4958. What are the prime factors of s?
2, 5
Let o = 110 - 106. Suppose o*f = -4*c + 1132, -c = 4*f - 3*c - 1120. List the prime factors of f.
281
Let l = 77 - 73. Let m(n) = n**3 - 4*n**2 + 2*n - 6. Let u be m(l). List the prime factors of (-115)/2*(-1 + u - 3).
5, 23
Let x = -17 - -44. Let z = -38 + x. Let c = 194 + z. What are the prime factors of c?
3, 61
Suppose 10 = 5*h - 15. Suppose -h*g = 5*i - 7*i + 902, 5*g - 1403 = -3*i. What are the prime factors of i?
461
Let x(b) = -2*b**2 + 40*b - 12. Suppose -2*k + 21 = 5*g, k + 0*g - 8 = -5*g. List the prime factors of x(k).
2, 5, 17
Let p = 71 - 64. Suppose -p*v = -17 - 4. What are the prime factors of v?
3
Let y(h) = 19*h - 16. Let i = 52 - 42. Let c be i*(-2)/(-2) + (-2 - 0). What are the prime factors of y(c)?
2, 17
Suppose 12 + 33 = 5*i. Let a(v) = 4*v - 33 + 5*v - i*v + 6*v. What are the prime factors of a(7)?
3
Let j = 58 - 142. Let v(u) = -172*u**3 + 3*u**2 + 4*u + 3. Let i be v(-1). Let f = i + j. What are the prime factors of f?
2, 3, 5
Let a = -4256 - -6411. What are the prime factors of a?
5, 431
Let t(d) = -d + 15. Let r be t(10). Suppose 5*y - 7*y - r*q - 511 = 0, 3*q = 5*y + 1324. Let k = y + 379. List the prime factors of k.
2, 29
List the prime factors of 9066/4*(-5796)/(-1242).
7, 1511
Suppose 0 = -5*z - 4*b + 9457 + 12820, -3*b = -3*z + 13350. List the prime factors of z.
61, 73
Let w(x) = -3*x**3 - 5*x**2 - 5*x + 1. Let d(f) = -13*f**3 - 19*f**2 - 21*f + 5. Let n(j) = 2*d(j) - 9*w(j). What are the prime factors of n(-5)?
2, 3
Let b(l) be the first derivative of l**3/3 + 9*l**2/2 - 75*l + 75. What are the prime factors of b(21)?
3, 5, 37
Let g = -9 + 14. Suppose g*h + 385 = 10*h. Suppose -h = -2*j - 3*k, -4*j - 2*k + k + 129 = 0. What are the prime factors of j?
31
Let s = 25044 + -15930. What are the prime factors of s?
2, 3, 7, 31
Suppose 0 = -16*g - 35 - 29. What are the prime factors of (-28930)/(-44) + (-6)/g?
659
Let x be -2*21/14 - 1. Let d(j) = -218*j + 93. What are the prime factors of d(x)?
5, 193
Let q be 1 - 10*(-129)/6. Suppose 2*o + o = q. Suppose -8*j + o = -2*j. List the prime factors of j.
2, 3
Let u be -396*(6/(-12) + 0/3). Suppose -h = 2*h - u. List the prime factors of h.
2, 3, 11
Let i be (-1)/10*-4 - 80/(-50). Suppose i*g - 14 = -0*g + 3*z, -3*z - 12 = 0. What are the prime factors of (-8)/(g/(8/(-2)))?
2
Suppose 130249 = -29*h + 1109753. List the prime factors of h.
2, 2111
Let n = 861 + -388. Suppose -3*q + 1853 = 7*l - 3*l, -4*q + n = l. What are the prime factors of l?
461
Let t be (-2)/(((-2)/20405)/(8/40)). Suppose -11*l + 5148 = -t. List the prime factors of l.
839
Let c(x) = -4*x - 11. Let g be c(-4). Suppose -2*i + 4*y + 1064 = -0*y, -y - 2696 = -g*i. What are the prime factors of i?
2, 3, 5
List the prime factors of (-9569424)/(-240) + (-4)/(-10).
3, 13291
What are the prime factors of (7 + 247394/98)*7?
2, 5, 443
Suppose -2*y - 42*d + 43*d + 51471 = 0, -5*y + 128673 = 2*d. List the prime factors of y.
5, 5147
Let r be (30/40)/((-6)/(-16)). Suppose 0*c + r*c = 10. Suppose -5*v + 156 = 3*h, c*v - 5*h - 147 = v. What are the prime factors of v?
3, 11
Let p(i) = 151*i**2 + 6*i + 13*i**3 - 53*i**2 - 53*i**2 - 49*i**2 - 5. What are the prime factors of p(3)?
2, 41
Let d be (-1620)/((-15)/3)*(-77)/(-3). Suppose -39*u + 18*u = -d. What are the prime factors of u?
2, 3, 11
Suppose -q = -3*c - 107, -q - 8 - 25 = c. List the prime factors of (-70)/35*(c - 2).
2, 37
Let p = 34189 - 22155. Suppose 1342 - p = -11*j. List the prime factors of j.
2, 3
Let y(b) = 62*b - 5. Let n be y(1). Let z = -38 + n. Let o(m) = m**2 - 14*m - 38. List the prime factors of o(z).
3, 19
Let s = -5463 + 10216. What are the prime factors of s?
7, 97
Let g be (49 - 61)/(-3 + 1). Let y(x) = 120*x - 2. What are the prime factors of y(g)?
2, 359
Suppose 0 = 81*x - 1181142 - 340119. List the prime factors of x.
7, 2683
Let j(h) be the third derivative of 17*h**4/24 + h**3 + 13*h**2. Let c be j(12). Suppose -c = -8*d + 694. List the prime factors of d.
113
Let k = 42265 - 29865. What are the prime factors of k?
2, 5, 31
Let u = -388 - -662. Let h = -800 + u. List the prime factors of h/(-10) + 10/25.
53
Let l = 10347 - 4376. List the prime factors of l.
7, 853
Let i be 2/3*(-102)/17. List the prime factors of 1/((24/15192)/(i/(-6))).
2, 211
Let k(s) = s**3 + 12*s**2 - 16*s - 30. Let p be k(-13). Suppose -12*w + 555 = -p*w. List the prime factors of w.
5, 37
Let h(g) be the second derivative of -1/20*g**5 - 5/4*g**4 + 0 + 31*g - 25/2*g**2 - 5/3*g**3. What are the prime factors of h(-15)?
5
Let u(m) = -6*m**3 + 17*m**2 - 17*m + 1012. What are the prime factors of u(-20)?
2, 7019
Let b(t) = 7*t + 3. Let k(a) = 16*a + 5. Let s(h) = -7*b(h) + 3*k(h). Let d be s(-8). Suppose -d*j - 36 = -3*j. List the prime factors of j.
2, 3
Let h(r) = -3*r**3 + 12*r**2 + 6*r + 7. Suppose 0*k - 5*k - 2*t = 28, 27 = -5*k - 3*t. What are the prime factors of h(k)?
1051
Let o(t) = 45*t + 377. List the prime factors of o(6).
647
Let g(t) = t**3 + 4*t**2 - 5. Let c be g(-3). Suppose 4*i - 5*w - c = 0, 0*w + 2*w = 0. What are the prime factors of i*(40 - (-10)/5)?
2, 3, 7
Let q(y) = 9*y**3 - 7*y**2 + 13*y + 9. Let p(z) = 37*z**3 - 29*z**2 + 53*z + 37. Let g(u) = -2*p(u) + 9*q(u). List the prime factors of g(3).
2, 23
Let h = -694 - -726. Suppose 0 = 5*u - 3*u - 4*n - h, -u + 11 = 3*n. What are the prime factors of u?
2, 7
Let l = 428 - 233. Let q = -107 + l. What are the prime factors of q?
2, 11
Let m = 53 + -51. Suppose m = 4*v + 2*o, -5*v + 2*v + 4*o + 7 = 0. List the prime factors of -156*v*-1*4/8.
2, 3, 13
Let f(u) = 17*u + 167. Suppose 0 = 4*t + 5*g - 37, 3*t - 3*g = -0*t + 21. List the prime factors of f(t).
3, 101
Let q(x) = x**3 - 15*x**2 + 17*x - 28. Let h be q(14). Suppose -5*b = -5*v - 4535, h*v - 19*v - 927 = -b. List the prime factors of b.
2, 11, 41
Let p(g) = -31*g - 59. Let c be p(-13). Suppose -2*q + c = -914. What are the prime factors of q?
17, 37
Let s(q) = -11*q**2 + 33*q - 7. Let x be s(3). Let g = -49 + 106. Let j = g - x. List the prime factors of j.
2
Let a(z) = 36*z - 55*z + 65*z + 8 - 49 + 112*z. What are the prime factors of a(5)?
7, 107
Let k = 45 - -304. What are the prime factors of (5 + k)/(26/(-6) - -5)?
3, 59
Suppose -13*s = 13*s - 104. Let u(t) = 40*t**2 - 5*t - 16. What are the prime factors of u(s)?
2, 151
Let q = 269 + -251. Suppose 11*c + q*c = 23200. What are the prime factors of c?
2, 5
Let d be (6/9)/((-1)/(-6)). Suppose -5*k = -x - 510, 0 = d*k + k - 4*x - 495. Suppose 5*j - 17 = k. What are the prime factors of j?
2, 3
Suppose w - 116 = 5*n, -4*w + 6*n + 509 = n. Suppose 4*z = 3*r - w, 2*r - r = -2*z + 37. What are the prime factors of r?
41
Suppose 3*a - 13950 = -3*i, 2*a - 3*i - i - 9330 = 0. List the prime factors of a.
5, 7, 19
Let u = 206 + -202. List t